51461?
False
Is 104 a factor of 65624?
True
Is 10918918 a multiple of 16?
False
Is 435 a factor of 207800?
False
Is 206814 a multiple of 193?
False
Is 13 a factor of 11179?
False
Is 14 a factor of 7850580?
False
Is 132932 a multiple of 398?
True
Does 16 divide 220081?
False
Is 697 a factor of 3330266?
True
Is 2 a factor of 168076?
True
Is 561 a factor of 86955?
True
Does 1072 divide 896843?
False
Is 194 a factor of 80490?
False
Is 2962885 a multiple of 77?
False
Is 44 a factor of 1378080?
True
Is 416 a factor of 1647360?
True
Is 236 a factor of 14084?
False
Does 97 divide 313486?
False
Does 342 divide 48906?
True
Does 252 divide 1109332?
False
Does 15 divide 52856?
False
Is 37 a factor of 509405?
False
Is 6 a factor of 9592314?
True
Does 9 divide 158842?
False
Is 67 a factor of 48347?
False
Is 1122 a factor of 577777?
False
Does 145 divide 31471?
False
Is 14 a factor of 75487?
False
Does 171 divide 2242380?
False
Is 3821005 a multiple of 85?
True
Is 1801860 a multiple of 20?
True
Does 157 divide 637939?
False
Is 147 a factor of 327222?
True
Is 112526 a multiple of 144?
False
Does 484 divide 306160?
False
Does 50 divide 452350?
True
Does 26 divide 9051?
False
Does 2 divide 130114?
True
Is 4070 a multiple of 122?
False
Does 144 divide 105984?
True
Does 339 divide 501381?
True
Is 20 a factor of 1725680?
True
Is 13 a factor of 96031?
True
Does 11 divide 49918?
True
Is 23 a factor of 987515?
False
Does 26 divide 1153048?
True
Does 66 divide 31350?
True
Does 28 divide 656124?
True
Does 240 divide 3931680?
True
Is 25 a factor of 23741?
False
Is 81 a factor of 1576098?
True
Is 55544 a multiple of 10?
False
Is 6 a factor of 272796?
True
Does 16 divide 33147?
False
Is 121 a factor of 6392309?
True
Is 108686 a multiple of 62?
True
Is 47 a factor of 4329217?
True
Is 249857 a multiple of 34?
False
Does 17 divide 1679396?
True
Is 17 a factor of 662208?
False
Does 42 divide 519718?
False
Is 43 a factor of 70372?
False
Is 455900 a multiple of 26?
False
Is 484 a factor of 1958013?
False
Is 531 a factor of 8534150?
False
Is 82 a factor of 7485615?
False
Does 214 divide 815768?
True
Does 12 divide 116988?
True
Does 7 divide 4131414?
True
Is 16 a factor of 105552?
True
Does 3 divide 1181491?
False
Is 40 a factor of 436800?
True
Is 278301 a multiple of 23?
False
Does 262 divide 1728938?
True
Is 110 a factor of 8540818?
False
Does 95 divide 70110?
True
Is 6665062 a multiple of 1023?
False
Is 983840 a multiple of 88?
True
Does 16 divide 571673?
False
Is 1356544 a multiple of 224?
True
Does 21 divide 171456?
False
Is 17059 a multiple of 3?
False
Is 64367 a multiple of 27?
False
Is 176670 a multiple of 130?
True
Is 31 a factor of 51925?
True
Is 26 a factor of 379418?
True
Does 26 divide 21362?
False
Is 192220 a multiple of 28?
True
Is 1000830 a multiple of 50?
False
Is 257527 a multiple of 97?
False
Is 421207 a multiple of 5?
False
Does 291 divide 14304807?
False
Is 1703608 a multiple of 10?
False
Is 76 a factor of 2635072?
True
Is 342 a factor of 184953?
False
Does 36 divide 540648?
True
Does 194 divide 156170?
True
Is 1297224 a multiple of 419?
True
Does 11 divide 158708?
True
Does 221 divide 5695190?
False
Does 198 divide 2019848?
False
Is 52 a factor of 110032?
True
Does 79 divide 452986?
True
Does 494 divide 736554?
True
Does 32 divide 371798?
False
Is 2592704 a multiple of 108?
False
Is 33 a factor of 5469689?
False
Does 84 divide 103656?
True
Is 1971304 a multiple of 57?
False
Does 664 divide 7134016?
True
Is 735759 a multiple of 14?
False
Is 28014 a multiple of 14?
True
Does 54 divide 91037?
False
Does 24 divide 4938724?
False
Is 19 a factor of 2425437?
False
Is 59 a factor of 370456?
False
Does 44 divide 3654191?
False
Is 187 a factor of 232455?
False
Is 188 a factor of 153408?
True
Is 8777 a multiple of 131?
True
Is 1100549 a multiple of 12?
False
Is 41234 a multiple of 53?
True
Does 12 divide 1263225?
False
Is 555 a factor of 68265?
True
Is 751 a factor of 2468585?
False
Is 674291 a multiple of 23?
True
Does 173 divide 4147726?
False
Is 95882 a multiple of 191?
True
Is 447 a factor of 974013?
True
Is 271 a factor of 837349?
False
Does 40 divide 13926048?
False
Is 172490 a multiple of 47?
True
Does 12 divide 51065?
False
Does 15 divide 639345?
True
Does 9 divide 36951?
False
Is 11 a factor of 491879?
False
Is 156861 a multiple of 150?
False
Is 524 a factor of 6679428?
True
Is 134797 a multiple of 940?
False
Does 947 divide 14305155?
False
Is 408 a factor of 1544838?
False
Is 897875 a multiple of 55?
True
Does 343 divide 6961185?
True
Is 42345 a multiple of 48?
False
Is 391128 a multiple of 305?
False
Does 1306 divide 3309404?
True
Does 3 divide 27672?
True
Does 26 divide 6930014?
True
Is 346730 a multiple of 12?
False
Does 109 divide 53083?
True
Is 8 a factor of 24056?
True
Is 707995 a multiple of 37?
True
Does 597 divide 11522100?
True
Does 597 divide 2452197?
False
Is 15 a factor of 407602?
False
Does 19 divide 1563643?
True
Is 623222 a multiple of 16?
False
Does 19 divide 19513?
True
Does 814 divide 3953598?
True
Does 14 divide 2095240?
True
Is 88 a factor of 1609724?
False
Is 4016223 a multiple of 81?
True
Is 487476 a multiple of 645?
False
Does 14 divide 228284?
True
Is 483 a factor of 757827?
True
Does 14 divide 781774?
True
Is 1898124 a multiple of 29?
False
Does 29 divide 255884?
False
Does 566 divide 5284322?
False
Is 104945 a multiple of 139?
True
Is 19 a factor of 3546692?
True
Does 677 divide 17004147?
False
Is 155 a factor of 4495?
True
Does 7 divide 39473?
True
Is 5 a factor of 168910?
True
Is 14248 a multiple of 13?
True
Does 12 divide 2337?
False
Is 444 a factor of 7993332?
True
Is 99 a factor of 2756655?
True
Does 78 divide 2285400?
True
Is 1815693 a multiple of 687?
False
Is 176730 a multiple of 116?
False
Is 5088180 a multiple of 7?
False
Is 7 a factor of 158221?
True
Is 60 a factor of 164120?
False
Is 314 a factor of 250289?
False
Is 18 a factor of 3652794?
True
Is 18 a factor of 420552?
True
Does 132 divide 1878258?
False
Does 133 divide 1122359?
False
Is 684720 a multiple of 12?
True
Is 121 a factor of 2719966?
False
Is 729927 a multiple of 9?
True
Is 9 a factor of 806346?
True
Does 45 divide 3295113?
False
Does 36 divide 91516?
False
Does 38 divide 98826?
False
Does 176 divide 9546693?
False
Is 2161745 a multiple of 27?
False
Does 28 divide 4413304?
True
Is 394 a factor of 337795?
False
Is 7897479 a multiple of 24?
False
Is 58741 a multiple of 90?
False
Does 221 divide 584315?
False
Does 511 divide 11587947?
True
Does 25 divide 3401300?
True
Is 723795 a multiple of 125?
False
Is 261 a factor of 5356764?
True
Does 87 divide 471164?
False
Does 2 divide 18442?
True
Is 194295 a multiple of 17?
False
Is 18 a factor of 715194?
True
Does 142 divide 107448?
False
Does 19 divide 7527192?
True
Is 186720 a multiple of 32?
True
Is 271 a factor of 4284085?
False
Is 171096 a multiple of 60?
False
Is 26 a factor of 2364814?
False
Does 21 divide 466464?
False
Is 16 a factor of 299040?
True
Is 208 a factor of 44331?
False
Is 1199 a factor of 13510579?
False
Does 10 divide 553696?
False
Is 614 a factor of 9863910?
True
Does 52 divide 356810?
False
Is 18154 a multiple of 8?
False
Is 76 a factor of 2043347?
False
Is 7219324 a multiple of 178?
True
Is 16295 a multiple of 20?
False
Does 3 divide 25637?
False
Is 11 a factor of 137709?
True
Does 48 divide 88293?
False
Is 187600 a multiple of 4?
True
Is 18 a factor of 597518?
False
Is 84233 a multiple of 8?
False
Is 1664657 a multiple of 84?
False
Is 6 a factor of 29358?
True
Is 6810265 a multiple of 1384?
False
Does 5 divide 1225111?
False
Does 10 divide 226720?
True
Is 15 a factor of 192533?
False
Does 207 divide 11592?
True
Does 102 divide 557634?
True
Does 200 divide 1035400?
True
Is 3 a factor of 3138?
True
Is 3969900 a multiple of 225?
True
Is 1611744 a multiple of 69?
False
Is 1115629 a multiple of 6?
False
Is 107393 a multiple of 13?
True
Is 96278 a multiple of 120?
False
Is 17 a factor of 515950?
True
Does 1802 divide 11779674?
True
Does 32 divide 1625682?
False
Does 342 divide 115619?
False
Is 23 a factor of 727604?
False
Is 25424119 a multiple of 21?
False
Is 77344 a multiple of 32?
True
Does 82 divide 101226?
False
Does 14 divide 25650?
False
Is 3753000 a multiple of 20?
True
Is 2 a factor of 